 the units digit of c?
0
Suppose 0 = -4*w - 0*f - f + 22, 0 = 3*w - f - 13. Suppose 3 = 2*s - w. Suppose -3*k = -6*k + 3*q + 9, s*q = k - 3. What is the units digit of k?
3
Suppose 4*o = 6*o + 12. What is the units digit of ((-10)/o)/((-2)/(-96))?
0
Suppose 0 = -11*z + 5982 + 41076. What is the hundreds digit of z?
2
Let v(k) = k**3 - 20*k**2 - 19*k - 43. Let i be v(21). Let o(b) = -241*b**3 + 3*b**2 + 4*b + 2. What is the units digit of o(i)?
2
Let j(g) = -6*g**2 - 5*g + 9. Let n(k) = 2*k**2 + 2*k - 3. Let c(h) = -3*j(h) - 8*n(h). Let v(a) = 2*a - 4. Let d be v(4). What is the tens digit of c(d)?
2
Let t(n) = -n**2 + 10*n + 6. What is the units digit of t(10)?
6
Let z = 28 - 26. Let x = z - 2. Suppose -2*t - 22 = -5*t + 5*p, 3*t + 3*p - 6 = x. What is the units digit of t?
4
What is the hundreds digit of (20 - 16) + (-1 - -5673)?
6
Let k = -2925 - -8489. What is the units digit of k?
4
Suppose -5*p + 998 = 2*s - 2352, 0 = 4*s + p - 6718. What is the units digit of s?
0
Suppose -3*c + 3 = -5*i, -c - 11 = -2*c + 5*i. What is the units digit of 27/18 - 394/c?
0
Suppose 3*s + 2*q - 4518 = 0, -259 - 1247 = -s - 3*q. What is the hundreds digit of s?
5
What is the units digit of (-64)/(-144) - 16976/(-36)?
2
Suppose -30 = -2*c + 4*v, -4*v - 25 = -0*c - c. Suppose -4*w = -f - f + 218, c*f = 3*w + 531. What is the hundreds digit of f?
1
Suppose 0 = 5*t - 534 - 2251. What is the hundreds digit of t?
5
Let f = 28 + -25. Let o = 76 + -39. Suppose f + o = a. What is the units digit of a?
0
Let x(r) = 53*r - 20. What is the hundreds digit of x(18)?
9
Let y(u) = -25*u**3 + 2*u + 1. Let c be y(-1). Let x = 1 + c. Let i = 35 - x. What is the units digit of i?
0
Let p = -43 - -45. Suppose -3*m - 15 = 0, 3*m + m = p*t - 292. What is the units digit of t?
6
Let b(k) = 2*k**3 - 5*k**2 + 3*k - 2. Let u be b(4). Suppose -6*z + 2*z = 0. Suppose 2*m - u + 16 = z. What is the units digit of m?
1
Suppose 3*f + 0*a = 3*a + 1827, 4*f - 2*a - 2442 = 0. What is the units digit of f?
2
Let g(v) = -v**2 + v + 1. Let m be g(0). Let i be 11 + -5 + -3 + m. Suppose 0 = 3*k - i*o - 58, 5*o = k + 3*k - 76. What is the tens digit of k?
1
Let s(t) = 4*t**2 + 8*t - 12*t + 7*t + 6. Let k(v) = -v**3 + 12*v**2 + v - 16. Let i be k(12). What is the units digit of s(i)?
8
Let u(b) = -b**3 - 43*b**2 - 62*b - 101. What is the hundreds digit of u(-42)?
7
Let a be (3/((-27)/(-12)))/(10/525). Let u = a + 28. What is the units digit of u?
8
Let z(t) = t**3 + 17*t**2 + 15*t - 3. What is the units digit of z(-9)?
0
Suppose 0 - 56 = 4*p. Let b be (2/(-1))/(p/(-7)). Let c = b - -16. What is the units digit of c?
5
Let t(r) = -16*r - 3. Let z(d) = 5*d**2. Let q be z(-1). Suppose q*v = 4*i - 11, 0*i - 5*i + 1 = -2*v. What is the units digit of t(v)?
5
Let o(d) = -d + 15. Let g = -24 + 36. Let j be o(g). Suppose -12 = -4*c + j*c. What is the tens digit of c?
1
Suppose -14 - 17 = -3*j + 5*u, -j - 4*u = -16. What is the tens digit of j/(168/(-44) - -4)?
6
Let y be (-2)/13 + 28/182 + 0. What is the tens digit of 62*(y - 14/(-4))?
1
Suppose -5*b - 3*d = -23, -1 = 4*d - 5. What is the units digit of 23 + b/(-2) + 5?
6
Let p = -55 - -50. What is the units digit of (4/p)/(10/(-1550))?
4
Let m = 932 + -256. What is the units digit of m?
6
Let m(y) = 19*y - y**2 + 3 + 3*y**2 + 2*y - 3*y**2. What is the units digit of m(16)?
3
Suppose -3*x + k + 6 = -2*k, -x + 5*k - 6 = 0. Let z be ((-4)/(-8))/(2/x). Let y = 7 - z. What is the units digit of y?
6
Let n(b) = 2*b**2 + 120*b - 119*b - 3 + 99. What is the tens digit of n(0)?
9
Let d(x) be the first derivative of 17*x**2 + 10*x - 14. What is the tens digit of d(1)?
4
Let o(z) be the first derivative of 115*z**4/4 - 2*z**3/3 + 3*z**2/2 - z - 37. What is the tens digit of o(1)?
1
Let w(f) = f**3 + 16*f**2 - 18*f - 16. Let r be w(-17). What is the tens digit of (3 - 2)/(-4*r/(-64))?
1
Let l be ((-302)/4)/(7/14). Let j = -12 - l. What is the hundreds digit of j?
1
Suppose -6*w = -12 - 6. Suppose 16 = -w*h + 301. What is the tens digit of h?
9
Let x = -316 + 977. What is the units digit of x?
1
What is the tens digit of (11 - (-18722)/(-33))*-3?
6
Suppose -2*d = -372 - 3060. What is the thousands digit of d?
1
Let c = -508 - -660. What is the tens digit of c?
5
Let c(h) = 423*h + 465. What is the tens digit of c(9)?
7
Let l be 5 - ((-4)/4 + 2). Suppose 0*a - 5*a + 88 = -l*c, 42 = 2*a - 5*c. What is the units digit of a?
6
Suppose -16*q + 5216 + 10736 = 0. What is the units digit of q?
7
Let l(r) = 27*r**2 + 18*r + 10. What is the units digit of l(-5)?
5
Let u = 27 - 41. Let m(p) = -p**3 - 13*p**2 + 13*p + 27. What is the tens digit of m(u)?
4
Let m(z) = z**2 - 45*z - 348. What is the units digit of m(-15)?
2
Let y be 93 + 0 + -4*15/20. Suppose 4*k + 2*q - y = 0, 5*q = -k + 3*q + 15. What is the tens digit of k?
2
Suppose -5*a - y = -156 - 616, 6 = 3*y. What is the tens digit of a?
5
What is the tens digit of 5/10*694 + 4/(-2)?
4
Let v = -770 + 1994. What is the tens digit of v/14 - (-24)/(-56)?
8
Let g(j) = 475*j - 284. What is the thousands digit of g(5)?
2
Suppose -29*d + 28*d + 542 = t, -t - 3*d + 542 = 0. What is the tens digit of t?
4
What is the hundreds digit of 25/(-100) + ((-108015)/12)/(-5)?
8
Let a(y) = -y**3 + y - 3*y**2 + 8*y**2 - 3 + 3*y**2. Let u be a(8). Suppose p - 7 = -2*d + 13, 0 = -u*d - 2*p + 49. What is the units digit of d?
9
Suppose 453 = 8*g - 5*g. Suppose 3*m + 0*h - g = -4*h, m = 3*h + 46. What is the tens digit of m?
4
Suppose -5*c - 13 + 13 = 0. Suppose 48 = t + r, 0 = -c*t - 2*t + 3*r + 81. What is the tens digit of t?
4
Let n(l) = l**3 + 14*l**2 + l + 19. Let p be n(-14). Suppose -4 = -w, -2*z + 221 + 159 = p*w. Suppose -258 = -6*a + z. What is the tens digit of a?
7
Let z = 9 - 14. Let s = 61 + z. What is the units digit of s?
6
Let d(c) = c**3 + 6*c**2 + 6*c + 5. Let q be d(-5). Let g = q - -1. What is the units digit of 3 + 1 + 0 + g?
5
Let q(k) = -159*k - 124. What is the thousands digit of q(-28)?
4
Suppose -24 + 10 = -u. Let r = -1 + u. Let s = 34 + r. What is the units digit of s?
7
Suppose 370*t - 367*t = 3741. What is the tens digit of t?
4
Suppose 5*h - 25 + 5 = 0. Suppose 2*w + 0 = h. Suppose 4*p - w*i - 24 = i, -p - 3*i + 6 = 0. What is the units digit of p?
6
Suppose -4*y - 7 = -5*n, -6*n + 3*n = 2*y - 13. Suppose 5*z + 0*z - 4*o - 967 = 0, 0 = -4*z + n*o + 774. What is the units digit of z?
5
Let l(b) be the second derivative of b**4/12 + b**3/2 - 15*b**2/2 - 29*b. Suppose u + 28 = 5*u. What is the tens digit of l(u)?
5
Suppose 6*u + 3 = 21. Suppose 4*k + 5*v - 22 = 27, -u*v = 2*k - 25. Let z(n) = -n**2 + 12*n + 21. What is the tens digit of z(k)?
3
Let a be (8 - 78)/((-4)/6). Let c = 153 - a. What is the tens digit of c?
4
Suppose 6*o - 2*o = -s - 10, -2*s = -5*o - 45. Suppose s*l - 455 = 3*l. What is the units digit of l?
5
Let p(s) = -s**3 - 24*s**2 - 76*s - 12. What is the tens digit of p(-22)?
9
Let u = -9 - -9. Suppose u = -4*t + 15 + 45. Let s = t + -12. What is the units digit of s?
3
Let f(z) = 5*z**2 - 2*z + 2. Let q be f(-4). Let d = q + -52. What is the units digit of d?
8
Suppose -600 = -20*s - 0*s. What is the tens digit of s?
3
Let g(u) = u**2 + 10*u + 3. Let b be g(-10). Suppose -o + b = -0*o. Suppose -5*w = -67 - o. What is the tens digit of w?
1
Suppose 0 = 2*z - 3240 - 3736. Suppose 2*y = 18*y - z. What is the units digit of y?
8
Suppose 2*g - i = 1522, -4*i + 2185 = 5*g - 1646. What is the tens digit of g?
6
Suppose -2176 = -5*b - a - 0*a, 4*a + 1760 = 4*b. What is the units digit of b?
6
Let f(m) = -27*m**3 - 2*m**2 + 1. Let n be (1 - 0)*(-3 - -2). What is the units digit of f(n)?
6
Let w(p) be the second derivative of 11*p**3/6 - 33*p**2/2 + 6*p. What is the units digit of w(8)?
5
Suppose 4*d - 3*d - 45 = 0. Let m = d + -26. Suppose -5*n - m = -3*y + 53, -3*y - 2*n + 51 = 0. What is the tens digit of y?
1
Let j = 37 + -72. Let f = j + 205. What is the hundreds digit of f?
1
Let p be 1 + -2 + 1 + 9. Let z = p + -4. Suppose -58 = -z*b + 7. What is the units digit of b?
3
Let j = 24 + -20. Suppose -j*c = -2*h - 422, -3*c + 174 = h - 130. What is the tens digit of c?
0
Suppose -16790 = -54*f - 2534. What is the tens digit of f?
6
Let c(b) = 66*b - 283. What is the tens digit of c(19)?
7
Let k be (-10*3)/